d by 49.
46
What is the remainder when 483 is divided by 27?
24
What is the remainder when 394 is divided by 101?
91
What is the remainder when 644 is divided by 108?
104
What is the remainder when 984 is divided by 252?
228
Calculate the remainder when 221 is divided by 50.
21
What is the remainder when 339 is divided by 194?
145
What is the remainder when 4515 is divided by 5?
0
What is the remainder when 75 is divided by 21?
12
What is the remainder when 7 is divided by 2?
1
Calculate the remainder when 87 is divided by 38.
11
What is the remainder when 840 is divided by 29?
28
Calculate the remainder when 61 is divided by 31.
30
Calculate the remainder when 21 is divided by 3.
0
Calculate the remainder when 43799 is divided by 242.
239
Calculate the remainder when 523 is divided by 88.
83
Calculate the remainder when 1157 is divided by 369.
50
What is the remainder when 2741 is divided by 6?
5
What is the remainder when 710 is divided by 709?
1
What is the remainder when 726 is divided by 230?
36
Calculate the remainder when 142 is divided by 12.
10
What is the remainder when 237 is divided by 15?
12
What is the remainder when 219 is divided by 70?
9
Calculate the remainder when 1499 is divided by 26.
17
Calculate the remainder when 474 is divided by 14.
12
Calculate the remainder when 2519 is divided by 133.
125
What is the remainder when 2914 is divided by 54?
52
What is the remainder when 83 is divided by 57?
26
Calculate the remainder when 506 is divided by 102.
98
Calculate the remainder when 321 is divided by 18.
15
Calculate the remainder when 85 is divided by 19.
9
What is the remainder when 11458 is divided by 15?
13
Calculate the remainder when 228 is divided by 26.
20
Calculate the remainder when 152 is divided by 57.
38
What is the remainder when 7233 is divided by 36?
33
Calculate the remainder when 4113 is divided by 58.
53
Calculate the remainder when 898 is divided by 423.
52
Calculate the remainder when 2857 is divided by 8.
1
What is the remainder when 42 is divided by 12?
6
Calculate the remainder when 298 is divided by 62.
50
What is the remainder when 612 is divided by 41?
38
Calculate the remainder when 22 is divided by 13.
9
What is the remainder when 203 is divided by 30?
23
What is the remainder when 13369 is divided by 7?
6
What is the remainder when 1985 is divided by 181?
175
What is the remainder when 242 is divided by 54?
26
What is the remainder when 95 is divided by 16?
15
What is the remainder when 141 is divided by 5?
1
Calculate the remainder when 882 is divided by 195.
102
Calculate the remainder when 27 is divided by 7.
6
What is the remainder when 607 is divided by 36?
31
Calculate the remainder when 204 is divided by 59.
27
Calculate the remainder when 107 is divided by 20.
7
What is the remainder when 228 is divided by 54?
12
What is the remainder when 923 is divided by 224?
27
Calculate the remainder when 3125 is divided by 53.
51
What is the remainder when 1911 is divided by 11?
8
What is the remainder when 89 is divided by 4?
1
Calculate the remainder when 346 is divided by 198.
148
Calculate the remainder when 299 is divided by 71.
15
Calculate the remainder when 1274 is divided by 25.
24
What is the remainder when 511 is divided by 30?
1
What is the remainder when 2710 is divided by 343?
309
What is the remainder when 376 is divided by 50?
26
Calculate the remainder when 1499 is divided by 60.
59
Calculate the remainder when 921 is divided by 306.
3
Calculate the remainder when 169 is divided by 64.
41
Calculate the remainder when 733 is divided by 249.
235
Calculate the remainder when 2386 is divided by 397.
4
What is the remainder when 1251 is divided by 140?
131
What is the remainder when 187 is divided by 22?
11
Calculate the remainder when 283 is divided by 103.
77
Calculate the remainder when 378 is divided by 77.
70
Calculate the remainder when 128 is divided by 44.
40
What is the remainder when 20 is divided by 15?
5
What is the remainder when 75 is divided by 17?
7
What is the remainder when 686 is divided by 142?
118
What is the remainder when 3439 is divided by 82?
77
Calculate the remainder when 354 is divided by 18.
12
Calculate the remainder when 122 is divided by 32.
26
What is the remainder when 113 is divided by 15?
8
Calculate the remainder when 257 is divided by 29.
25
Calculate the remainder when 2071 is divided by 151.
108
Calculate the remainder when 2513 is divided by 57.
5
What is the remainder when 1123 is divided by 25?
23
What is the remainder when 36 is divided by 9?
0
What is the remainder when 207 is divided by 174?
33
What is the remainder when 718 is divided by 24?
22
What is the remainder when 184 is divided by 43?
12
What is the remainder when 480 is divided by 72?
48
What is the remainder when 14971 is divided by 197?
196
What is the remainder when 102 is divided by 102?
0
Calculate the remainder when 251 is divided by 43.
36
What is the remainder when 2297 is divided by 209?
207
Calculate the remainder when 231 is divided by 59.
54
Calculate the remainder when 128 is divided by 37.
17
What is the remainder when 818 is divided by 407?
4
Calculate the remainder when 83 is divided by 23.
14
Calculate the remainder when 482 is divided by 3.
2
Calculate the remainder when 214 is divided by 208.
6
Calculate the remainder when 48 is divided by 11.
4
What is the remainder when 161 is divided by 18?
17
Calculate the remainder when 958 is divided by 74.
70
What is the remainder when 1375 is divided by 114?
7
Calculate the remainder when 5 is divided by 5.
0
What is the remainder when 242 is divided by 35?
32
Calculate the remainder when 403 is divided by 360.
43
What is the remainder when 1458 is divided by 73?
71
Calculate the remainder when 1118 is divided by 23.
14
Calculate the remainder when 2495 is divided by 17.
13
Calculate the remainder when 107 is divided by 4.
3
Calculate the remainder when 290 is divided by 254.
36
Calculate the remainder when 2643 is divided by 63.
60
What is the remainder when 736 is divided by 184?
0
What is the remainder when 33 is divided by 17?
16
What is the remainder when 1392 is divided by 90?
42
Calculate the remainder when 686 is divided by 13.
10
Calculate the remainder when 277 is divided by 137.
3
What is the remainder when 3837 is divided by 24?
21
Calculate the remainder when 105 is divided by 18.
15
What is the remainder when 5042 is divided by 17?
10
What is the remainder when 10 is divided by 4?
2
What is the remainder when 364 is divided by 125?
114
What is the remainder when 441 is divided by 79?
46
What is the remainder when 297 is divided by 100?
97
Calculate the remainder when 291 is divided by 19.
6
Calculate the remainder when 179 is divided by 25.
4
What is the remainder when 2064 is divided by 39?
36
Calculate the remainder when 1259 is divided by 23.
17
What is the remainder when 266 is divided by 9?
5
What is the remainder when 160 is divided by 41?
37
Calculate the remainder when 565 is divided by 115.
105
Calculate the remainder when 199 is divided by 61.
16
What is the remainder when 449 is divided by 25?
24
What is the remainder when 506 is divided by 16?
10
Calculate the remainder when 66 is divided by 34.
32
Calculate the remainder when 76 is divided by 35.
6
Calculate the remainder when 364 is divided by 123.
118
Calculate the remainder when 21 is divided by 6.
3
Calculate the remainder when 1185 is divided by 99.
96
Calculate the remainder when 17437 is divided by 160.
157
Calculate the remainder when 333 is divided by 76.
29
What is the remainder when 1639 is divided by 812?
15
What is the remainder when 2591 is divided by 8?
7
What is the remainder when 2960 is divided by 108?
44
Calculate the remainder when 213 is divided by 59.
36
What is the remainder when 75 is divided by 75?
0
What is the remainder when 44 is divided by 37?
7
Calculate the remainder when 39 is divided by 22.
17
What is the remainder when 272 is divided by 60?
32
Calculate the remainder when 821 is divided by 267.
20
What is the remainder when 76 is divided by 16?
12
Calculate the remainder when 237 is divided by 22.
17
What is the remainder when 256 is divided by 184?
72
Calculate the remainder when 45730 is divided by 83.
80